q = 258 + -263. What is i(q)?
5
Suppose z - 12 = 3*c - 0*z, -15 = -5*z. Let t(b) = 13*b**3 + 16*b**2 - 8*b + 1. Let s(i) = 3*i**3 + 4*i**2 - 2*i. Let h(p) = 9*s(p) - 2*t(p). Determine h(c).
13
Suppose 3*t + 20 - 3 = 2*m, 25 = -5*t. Let v(g) = -1 - 20*g + 23*g - m. What is v(2)?
4
Suppose -3*k - 4 + 30 = 4*l, 3*l - 19 = -2*k. Suppose -k*n + 9 - 5 = 0. Let h(j) = 4*j + j**n - 1 + 0*j**2 - 7*j. Determine h(4).
3
Let o(t) = t + 1. Let b(r) = -5*r - 4. Let j(w) = -b(w) - 3*o(w). Let u(g) = g + 4. Let s be u(-7). Give j(s).
-5
Suppose 5*t + 3 - 18 = 0. Let c(w) = -184*w**3 - 8*w**2 + 6*w + 1. Let p(k) = 221*k**3 + 9*k**2 - 7*k - 1. Let v(o) = 6*c(o) + 5*p(o). What is v(t)?
4
Let w(y) = y**2 - y - 3. Let h be w(3). Suppose 2 = 2*c - h*c. Let b(l) be the third derivative of l**4/8 - l**3/6 + l**2. Give b(c).
-7
Let n(m) = 2*m - 9. Let j be n(3). Let g be -2 - -5 - j/(-1). Let l(i) be the first derivative of i**3/3 - i**2/2 - 10*i - 2. Calculate l(g).
-10
Let k(x) = -x + 6. Let z = 28 + -23. Suppose s - 47 = -2*p, p + s - z*s - 46 = 0. Let n = p - 22. Determine k(n).
2
Suppose 4*t + 0*t = 28. Let o be 23/t + 8/(-28). Let m(s) = -28*s**2 + 0*s - 10*s**3 + 7*s**3 + 3*s + 4*s**3 + 25*s**2 - 2. Calculate m(o).
7
Suppose -a = -4*a - 4*a. Let x(z) = z**3 - z**2 - 11. Determine x(a).
-11
Suppose -12 - 13 = 25*q. Let c(j) be the second derivative of -j**4/6 + 36*j. Determine c(q).
-2
Let m(b) = -b - 2. Let l(i) = 4*i - 11. Let z be l(4). Suppose 2*v + z*v = 168. Let u = -30 + v. What is m(u)?
4
Let m(i) = i**2 + i - 7. Let y be m(0). Let l(j) = 7*j + 1. Let n = 8 - 13. Let f(c) = -10*c - 2. Let b(t) = n*f(t) + y*l(t). Determine b(0).
3
Let q be 60/50*(-10)/(-3). Suppose -2*p + 0*h = q*h - 82, -5*p - h = -196. Let r(w) = -37 - w**2 - w**3 + p - 4*w**2. Calculate r(-2).
-10
Let s(t) = 5*t**2 - 12*t + 43. Let i(w) = w**2 - 2*w + 9. Let a(b) = -4*i(b) + s(b). Let l(y) = -y**3 - 5*y**2 + 4*y - 7. Let k be l(-6). What is a(k)?
12
Suppose 2*t + 40 = -t + 5*k, 3*k = 5*t + 40. Let o(y) be the first derivative of -2*y**2 - 3*y - 1/3*y**3 + 1. What is o(t)?
-8
Suppose -4*a + 0*a - 276 = 0. Let u = -62 - a. Let d(n) = -n**3 + 7*n**2 - 6. What is d(u)?
-6
Let i(m) = 3*m**3 - 4*m**2 - 4*m - 5. Let p(h) = -2*h**3 + 5*h**2 + 3*h + 5. Let f(w) = 3*i(w) + 4*p(w). Suppose -g + 4*q + 4 = 0, -3 - 3 = 2*q. Calculate f(g).
5
Let z(u) = 3*u**2 - 3*u - 3. Suppose 6*g = 8*g. Suppose g*r - 4*d = -3*r - 10, -4*d + 6 = -r. What is z(r)?
15
Let k(f) = -2*f**2 + 4*f - 2. Let s(h) = -5*h. Let a be s(1). Let l(x) be the third derivative of -x**4/12 - 7*x**3/6 + 2*x**2. Let z be l(a). Determine k(z).
-8
Let k(y) = y**3 - 11*y**2 + 18*y + 1. Let n(j) = j**3 - 31*j**2 + 57*j + 38. Let r be n(29). Determine k(r).
1
Let f be ((-6)/(-2))/(((-70)/7)/(-10)). Let c(z) = -z**3 + 5*z**2 - 5*z + 3. Calculate c(f).
6
Let m(x) = x. Let l(q) = 4*q - 1. Suppose -4*j + 22 = 2. Let f(r) = j*m(r) + l(r). Calculate f(1).
8
Suppose 106*t + 657 = -78*t + 105. Let g(z) = 4*z - 3*z**2 + 0*z - z**3 + 2*z**2 + 4. Determine g(t).
10
Suppose 4 = r - 0. Let n(g) = -6*g**2 + 1 + 3*g - g + r*g - 8*g. Let y(a) = -a. Let s(w) = -n(w) + 2*y(w). Give s(-1).
5
Let v(u) = 6*u + 28. Let i(b) = -3*b + 32. Let f be i(12). Let y be v(f). Let j(m) = m**2 - 4*m + 5. Give j(y).
5
Let m(s) = 2*s**3 - s**2 + 3*s - 3. Let p be m(1). Let g(d) = 8*d + 1. Give g(p).
9
Let w(d) = -2*d + 6. Suppose -3*k - 2*k = 0. Suppose k = c + c. Suppose 0 = -c*h - h, -5 = -p - h. Give w(p).
-4
Let f = 118 + -123. Let a(h) = -7*h**3 + 5*h**2 - h + 19. Let y(w) = 11*w**3 - 7*w**2 + w - 29. Let j(n) = f*y(n) - 8*a(n). Determine j(5).
8
Let s(m) be the first derivative of -3*m**2/2 - 4*m + 91. Give s(7).
-25
Let m(g) = 3*g + 14. Let v(u) = -7*u - 29. Suppose 25*j + 5 = 26*j. Let p(x) = j*m(x) + 2*v(x). Calculate p(-9).
3
Let h(p) = p**2 - 5*p + 3. Let d(y) = -y - 9. Suppose 0 = -6*r - 72. Let k be d(r). Let o be h(k). Let c(j) = 6*j + 4. Give c(o).
-14
Let m(f) = 3*f**3 + 57*f**2 - 23*f - 25. Let i(a) = -a**3 - 20*a**2 + 8*a + 9. Let x(z) = 17*i(z) + 6*m(z). Determine x(-3).
0
Let s(d) = -38*d + 55. Let b(q) = -16*q + 28. Let a(u) = -7*b(u) + 3*s(u). What is a(-12)?
-7
Let u(m) = 6*m**2 + m + 8. Let j(p) = -p - 1. Let o(y) = 5*y**2 + 3*y + 11. Let v(h) = 3*j(h) + o(h). Let k(i) = 6*u(i) - 7*v(i). Determine k(-7).
-1
Let a(f) = f**3 - 9*f**2 - 11*f + 5. Let q = 3 + 7. Suppose -15*b + 50 = -q*b. Calculate a(b).
-5
Let l(v) = v + 5. Let w be 0*(4/18 - 132/108). Suppose -j + 3*f = -3*j - 24, w = 5*j - 2*f + 22. Determine l(j).
-1
Let a(i) = 6*i**2 - 1. Suppose 12*g - 11*g = 6. Suppose 3*y + 2*u = -3, -g*u + 3*u = 0. Determine a(y).
5
Let t(q) be the first derivative of -q**2 + 7*q + 48. What is t(9)?
-11
Let k(t) = -t - 1. Suppose 0*w = -w, -3*s + w = -63. Let c be ((-18)/s)/(6/(-28)). Let o = c + -6. Give k(o).
1
Let c(v) = 17*v - 51*v + 21*v + 15*v + 12. Determine c(-7).
-2
Let o(v) = -2*v**3 - 3*v**2 + v + 2. Let k be (13 + -12)/(1/5). Let w(s) = s**3 - 5*s**2 - 3. Let h be w(k). Let n = h + 1. What is o(n)?
4
Let m(i) = 4*i - 5. Let d be m(10). Suppose 11*l + d = 12*l. Let n be (-42)/10 + 7/l. Let u(c) = c**3 + 5*c**2 + 2*c + 1. What is u(n)?
9
Let m = -1166 - -1162. Suppose 0 = u - 1 - 3. Let j(v) = 5*v - u*v - 1 - 3*v. Calculate j(m).
7
Let k be (-10)/(-5) + 0/(-3). Let q(v) be the first derivative of v**3 - 3*v**2/2 + 2*v + 187. Give q(k).
8
Let v(o) = o**2 - 6*o - 1. Suppose 0*k + 3*k = 15. Suppose 0 = k*w - 2*w - 21. Calculate v(w).
6
Let i(w) = -w**3 - 5*w**2 + 7*w + 7. Suppose 4*n - 15 = 3*n - 4*c, -5 = 2*n + c. Calculate i(n).
-28
Let f(u) be the second derivative of -u**4/12 + 7*u**3/3 + 3*u**2/2 + 2*u - 75. What is f(8)?
51
Let f(a) = -4*a + 2*a - a**3 + 8 + 6*a**2 - 3. Let k(w) = w**2 - w. Let u be k(3). Give f(u).
-7
Let f(r) be the first derivative of r**3/3 + 6*r**2 + 13*r + 91. Give f(-10).
-7
Let y be (13 + -4 - 3)*1/2. Let s(d) = -7*d**3 + 11*d**2 - 4*d + 6. Let h(g) = -13*g**3 + 21*g**2 - 8*g + 11. Let n(x) = -6*h(x) + 11*s(x). Calculate n(y).
-6
Let a(b) = -4*b + 5. Let h(n) = -21*n + 23. Let r(p) = 22*a(p) - 4*h(p). Determine r(14).
-38
Let b(p) = 5*p**3 + p**2 - 2*p - 3. Let y(v) be the first derivative of -v**4 - v**3/3 + v**2/2 + 2*v + 15. Let d(l) = -3*b(l) - 4*y(l). What is d(-2)?
-7
Let s(r) = r**2 + 4*r + 2. Suppose -3*h - p + 71 = 0, -2*h - h + 3*p = -87. Suppose 0 = -3*b + 4*n - h, 4*b - 7*b - 2*n - 1 = 0. What is s(b)?
-1
Let k(p) be the first derivative of p**2 - 15*p + 8. Let a be k(7). Let q(c) = -8*c**3 + c**2 + c. Give q(a).
8
Let i = 27 - 24. Suppose 10 - 1 = i*u. Let z(l) = -l - 2. What is z(u)?
-5
Let s(k) = k**2 - 2*k - 15. Let d(t) = -t + 2. Let c(o) = -6*d(o) - s(o). Suppose -14 = -2*a + b + b, 4*b = 0. Give c(a).
10
Let b(i) be the third derivative of -1/8*i**4 - 1/60*i**5 + 0 - 2*i**2 - 1/3*i**3 + 0*i. Let d(g) = -2*g**2 + 2*g - 3. Let h be d(1). Give b(h).
-2
Let t(r) = -r. Let l be (8/(-6))/(-1)*3. Suppose l*d - 2*h = -3*h - 1, -5*d + 5 = -5*h. What is t(d)?
0
Suppose 5*i = -5*x - 10, 0 = -2*x + 3*i + 1. Let n = -5 + x. Let v(b) be the second derivative of -b**4/12 - 7*b**3/6 - 2*b**2 - 3*b + 9. Give v(n).
2
Suppose n + 10 = 3. Let p(w) = -w**2 - 10*w - 7. Give p(n).
14
Let d(c) = c**3 - 4*c**2 + 2*c + 1. Suppose 10 = -2*n - 0*n, -3*n = -2*x + 21. Let j(g) = 3*g**3 + 1. Let o be j(1). Let y be (2 + 2)*x/o. Calculate d(y).
-2
Let y(j) = -j**3 - 11*j**2 - 9*j + 16. Let m = 865 + -875. What is y(m)?
6
Suppose -3*p - 2*p - 140 = 0. Let r = -32 - p. Let g(d) = -2*d + 2. Calculate g(r).
10
Let c(g) = -g + 19. Let y(v) = 4*v + 1. Let r be y(3). Determine c(r).
6
Let k(o) = -o**2 - 10*o - 3. Let f be -2 - (-21)/(168/(-16)). What is k(f)?
21
Let g(q) = q**3 - 3*q**2 - 5*q + 2. Let l(a) = a**3 - 8*a**2 - 8*a + 11. Let y be l(9). Suppose -4*s - 2*h + 24 = 0, -s - 4*h = -0*s - y. Give g(s).
-2
Suppose 2*h = -h + 18. Let u = 23 + -20. Let k(f) = -f**u - f**2 + 4 - h*f**2 - 21*f + 16*f. Give k(-6).
-2
Let s = -65 + 61. Let m(g) = 4*g**2 - g - 2. Let h(k) = -3*k**2 + k + 2. Let t(v) = s*m(v) - 5*h(v). Give t(-2).
-4
Let b be 5 + (-6)/(-12)*-10 + 2. Let t(y) = 11*y + 2. Give t(b).
24
Let k(y) be the first derivative of -y**2 + 4*y + 2. Let j = 69 - 66. Suppose -2*b = -f + j*f - 2, -3*b + 15 = -f. What is k(b)?
-4
Let g(r) be t